{"id":168,"date":"2021-04-30T13:27:16","date_gmt":"2021-04-30T13:27:16","guid":{"rendered":"https:\/\/skiraceasd.it\/?page_id=168"},"modified":"2022-05-17T17:39:46","modified_gmt":"2022-05-17T17:39:46","slug":"la-nostra-mission","status":"publish","type":"page","link":"https:\/\/skiraceasd.it\/index.php\/la-nostra-mission\/","title":{"rendered":"LA NOSTRA MISSION"},"content":{"rendered":"\n<p id=\"block-513d441d-bad1-4e1a-bd21-e55c4954cda2\"><strong>Skirace \u00e8<\/strong> <strong>un associazione di volontariato, iscritta alla UISP di Parma, che promuove attivit\u00e0 sportive relative agli sport invernali, nuoto, mountain-bike e escursionismo.<\/strong><\/p>\n\n\n\n<p id=\"block-072710fe-2546-4551-88b0-0700508f3224\"><strong>L&#8217;associazione si rivolge a persone con difficolt\u00e0 motorie, sensoriali e psichiche, riteniamo che il benessere psico-fisico vada costruito insieme alle persone con una vita ricca di relazioni e attivit\u00e0 motorie.<\/strong><\/p>\n\n\n\n<p id=\"block-b704c929-3252-4378-8f5c-f034dbeb0794\"><strong>La nostra idea \u00e8 che non ci sono limiti fisici e psichici per svolgere attivit\u00e0 sportive che a volte si ritengono impossibili, ma che nella realt\u00e0 sono state realizzate da atleti con deficit psichici e motori molto compromessi.<\/strong><\/p>\n\n\n\n<p id=\"block-7f50e086-3f01-46e5-9552-c3cbeed2f57e\"><strong>La nostra mission \u00e8 dare un messaggio di etica sportiva gi\u00e0 a partire dal mondo delle scuole e dello sport per permettere di crescere anche dal punto di vista umano acquisendo quei valori di correttezza, fair play, rispetto delle regole e delle differenze che sono indispensabili sia nell&#8217;attivit\u00e0 sportiva che nella vita di ogni persona.<\/strong><\/p>\n\n\n\n<p id=\"block-734b1775-de2a-4017-85ad-7a8a0030a181\"><strong>I nostri progetti delle attivit\u00e0 sportive non sono rivolti solamente a persone con disabilit\u00e0 ma anche a tutte quelle persone che credono nei valori del fare assieme e nel rispetto delle differenze, vogliamo confonderci insieme al territorio, alla societ\u00e0 civile per costruire uno sport dove il gioco, le relazioni, la fatica, l&#8217;impegno \u00e8 condiviso insieme ai cittadini, volontari e famiglie.<\/strong><\/p>\n\n\n\n<p id=\"block-bcd32925-671c-430b-b77e-14b7a0619b75\"><strong>In un momento storico in cui le federazioni sportive nazionali e le societ\u00e0 sportive hanno riscoperto il loro ruolo fondamentale nell&#8217;etica dello sport, noi vogliamo promuovere il concetto dei valori dello sport nel rispetto delle differenze attraverso azioni concrete, non solo per far riflettere, ma per far praticare gli sport invernali, attivandoci con buone pratiche realizzando attivit\u00e0 che fanno cultura e formazione dove ogni cittadino \u00e8 protagonista del cambiamento.<\/strong><\/p>\n","protected":false},"excerpt":{"rendered":"<p>Skirace \u00e8 un associazione di volontariato, iscritta alla UISP di Parma, che promuove attivit\u00e0 sportive relative agli sport invernali, nuoto, mountain-bike e escursionismo. L&#8217;associazione si rivolge a persone con difficolt\u00e0 motorie, sensoriali e psichiche, riteniamo che il benessere psico-fisico vada costruito insieme alle persone con una vita ricca di relazioni e attivit\u00e0 motorie. La nostra [&hellip;]<\/p>\n","protected":false},"author":1,"featured_media":0,"parent":0,"menu_order":0,"comment_status":"closed","ping_status":"closed","template":"","meta":{"footnotes":""},"class_list":["post-168","page","type-page","status-publish","hentry"],"_links":{"self":[{"href":"https:\/\/skiraceasd.it\/index.php\/wp-json\/wp\/v2\/pages\/168","targetHints":{"allow":["GET"]}}],"collection":[{"href":"https:\/\/skiraceasd.it\/index.php\/wp-json\/wp\/v2\/pages"}],"about":[{"href":"https:\/\/skiraceasd.it\/index.php\/wp-json\/wp\/v2\/types\/page"}],"author":[{"embeddable":true,"href":"https:\/\/skiraceasd.it\/index.php\/wp-json\/wp\/v2\/users\/1"}],"replies":[{"embeddable":true,"href":"https:\/\/skiraceasd.it\/index.php\/wp-json\/wp\/v2\/comments?post=168"}],"version-history":[{"count":3,"href":"https:\/\/skiraceasd.it\/index.php\/wp-json\/wp\/v2\/pages\/168\/revisions"}],"predecessor-version":[{"id":176,"href":"https:\/\/skiraceasd.it\/index.php\/wp-json\/wp\/v2\/pages\/168\/revisions\/176"}],"wp:attachment":[{"href":"https:\/\/skiraceasd.it\/index.php\/wp-json\/wp\/v2\/media?parent=168"}],"curies":[{"name":"wp","href":"https:\/\/api.w.org\/{rel}","templated":true}]}}